d by 4510?
4329
Calculate the remainder when 592179 is divided by 6378.
5403
Calculate the remainder when 4706478 is divided by 104586.
108
Calculate the remainder when 173603 is divided by 10210.
33
What is the remainder when 2421494 is divided by 807079?
257
Calculate the remainder when 272384 is divided by 277.
93
What is the remainder when 51171 is divided by 4246?
219
Calculate the remainder when 1099289 is divided by 3062.
31
What is the remainder when 8544263 is divided by 4272127?
9
What is the remainder when 3475592 is divided by 746?
724
What is the remainder when 101696 is divided by 130?
36
Calculate the remainder when 263819 is divided by 4255.
9
Calculate the remainder when 17298177 is divided by 29.
25
Calculate the remainder when 2226521 is divided by 445304.
1
Calculate the remainder when 85122065 is divided by 126.
119
What is the remainder when 317444 is divided by 814?
798
What is the remainder when 35889198 is divided by 20?
18
What is the remainder when 214265 is divided by 119?
65
Calculate the remainder when 2524661 is divided by 1262269.
123
Calculate the remainder when 1251424 is divided by 1184.
1120
Calculate the remainder when 8167327 is divided by 3396.
3343
Calculate the remainder when 7490964 is divided by 797.
758
What is the remainder when 106830322 is divided by 86?
4
What is the remainder when 417853485 is divided by 17?
13
What is the remainder when 1131751 is divided by 282832?
423
Calculate the remainder when 18088781 is divided by 111.
110
Calculate the remainder when 29079 is divided by 368.
7
Calculate the remainder when 54984183 is divided by 221.
46
What is the remainder when 59039 is divided by 18306?
4121
Calculate the remainder when 308191459 is divided by 2051.
2046
Calculate the remainder when 242625 is divided by 363.
141
What is the remainder when 2094693 is divided by 1282?
1187
Calculate the remainder when 4498015 is divided by 49.
11
Calculate the remainder when 178356 is divided by 486.
480
Calculate the remainder when 92307541 is divided by 30769180.
1
What is the remainder when 3115971 is divided by 7969?
92
Calculate the remainder when 82836 is divided by 13748.
348
Calculate the remainder when 92994127 is divided by 428.
427
What is the remainder when 24833 is divided by 23661?
1172
Calculate the remainder when 345393 is divided by 189.
90
Calculate the remainder when 33973255 is divided by 411.
406
What is the remainder when 1364225614 is divided by 9?
7
What is the remainder when 3565774 is divided by 1333?
1332
Calculate the remainder when 769111 is divided by 1198.
1193
What is the remainder when 4161563 is divided by 1327?
91
Calculate the remainder when 617144 is divided by 252.
248
What is the remainder when 2430681 is divided by 10216?
9489
What is the remainder when 438233 is divided by 851?
819
Calculate the remainder when 32329 is divided by 16137.
55
What is the remainder when 8910561 is divided by 52415?
11
Calculate the remainder when 4551 is divided by 1115.
91
Calculate the remainder when 14472097 is divided by 13.
3
Calculate the remainder when 1624263 is divided by 6420.
3
What is the remainder when 66802 is divided by 2107?
1485
What is the remainder when 4000997 is divided by 1494?
65
Calculate the remainder when 876343 is divided by 876285.
58
Calculate the remainder when 1147493 is divided by 297.
182
Calculate the remainder when 58057 is divided by 8240.
377
What is the remainder when 129401936 is divided by 56?
48
Calculate the remainder when 264763 is divided by 125.
13
Calculate the remainder when 85753 is divided by 271.
117
What is the remainder when 18042 is divided by 529?
56
What is the remainder when 735663081 is divided by 14?
13
What is the remainder when 3290352 is divided by 2779?
16
What is the remainder when 263397 is divided by 51914?
3827
Calculate the remainder when 11170056 is divided by 3629.
3623
What is the remainder when 85787697 is divided by 75?
72
What is the remainder when 9594989 is divided by 1626?
1589
What is the remainder when 18430 is divided by 7240?
3950
Calculate the remainder when 9949494 is divided by 37403.
296
Calculate the remainder when 534553 is divided by 15715.
243
What is the remainder when 214189797 is divided by 2739?
2736
What is the remainder when 66189 is divided by 13203?
174
Calculate the remainder when 4559695 is divided by 182387.
20
Calculate the remainder when 66755591 is divided by 29.
27
Calculate the remainder when 52802181 is divided by 2138.
2133
What is the remainder when 9282238 is divided by 87?
34
Calculate the remainder when 1112593 is divided by 27135.
58
Calculate the remainder when 156539 is divided by 14008.
2451
Calculate the remainder when 1001448 is divided by 619.
525
Calculate the remainder when 3522840 is divided by 1760937.
966
What is the remainder when 16335524 is divided by 250?
24
Calculate the remainder when 462890 is divided by 49.
36
Calculate the remainder when 42 is divided by 20.
2
What is the remainder when 5050 is divided by 1214?
194
Calculate the remainder when 852094 is divided by 4629.
358
What is the remainder when 357774 is divided by 771?
30
Calculate the remainder when 967816 is divided by 73.
55
What is the remainder when 2146835 is divided by 4698?
4547
What is the remainder when 12488700 is divided by 136?
92
Calculate the remainder when 39054 is divided by 3040.
2574
Calculate the remainder when 5766455 is divided by 2477.
2476
Calculate the remainder when 928940 is divided by 2382.
2342
What is the remainder when 469345 is divided by 239?
188
Calculate the remainder when 218051 is divided by 42741.
4346
What is the remainder when 14199472 is divided by 143429?
1
Calculate the remainder when 4879668 is divided by 278.
212
What is the remainder when 200674 is divided by 1128?
1018
Calculate the remainder when 1670620 is divided by 87.
46
What is the remainder when 751431 is divided by 1035?
21
Calculate the remainder when 4288409 is divided by 70.
69
What is the remainder when 465080 is divided by 93015?
5
Calculate the remainder when 105052 is divided by 123.
10
What is the remainder when 1115902 is divided by 754?
736
What is the remainder when 145816 is divided by 72866?
84
What is the remainder when 42226734 is divided by 134480?
14
What is the remainder when 4230789 is divided by 27?
24
What is the remainder when 4618350 is divided by 2427?
2196
Calculate the remainder when 2239537 is divided by 1119768.
1
Calculate the remainder when 163664 is divided by 418.
226
What is the remainder when 7227960 is divided by 3613980?
0
Calculate the remainder when 148189 is divided by 1764.
13
Calculate the remainder when 176099 is divided by 1305.
1229
Calculate the remainder when 6849690 is divided by 1916.
1906
Calculate the remainder when 884563 is divided by 29485.
13
What is the remainder when 3390579 is divided by 1346?
5
What is the remainder when 956509 is divided by 41?
20
Calculate the remainder when 194580 is divided by 6479.
210
Calculate the remainder when 15795409 is divided by 173.
163
What is the remainder when 100208551 is divided by 747?
742
What is the remainder when 8518670 is divided by 4333?
4325
What is the remainder when 109831388 is divided by 36610460?
8
What is the remainder when 1251588 is divided by 773?
101
What is the remainder when 171341 is divided by 85609?
123
What is the remainder when 28406741 is divided by 7845?
7841
Calculate the remainder when 1604363 is divided by 102.
5
What is the remainder when 211262578 is divided by 9?
7
Calculate the remainder when 331109 is divided by 7841.
1787
What is the remainder when 17740446 is divided by 2622?
2616
What is the remainder when 22038189 is divided by 49?
47
Calculate the remainder when 50462141 is divided by 164.
161
Calculate the remainder when 1279112 is divided by 359.
354
What is the remainder when 5463695 is divided by 637?
146
Calculate the remainder when 121416 is divided by 3560.
376
Calculate the remainder when 131405886 is divided by 405.
396
Calculate the remainder when 151018 is divided by 15069.
328
Calculate the remainder when 511002 is divided by 102189.
57
Calculate the remainder when 26530400 is divided by 3830.
3820
What is the remainder when 30565124 is divided b